e m(7). Suppose -x*l + n = -787, l + n + 177 - 434 = 0. What is the remainder when l is divided by 22?
19
Suppose -45 = -21*w - 3. Suppose -c - w*s + 88 = 13, 83 = c - 2*s. What is the remainder when c is divided by 12?
7
Let p(w) be the first derivative of 3*w**2/2 + 18*w + 3. Suppose 4*d = q - 28, -q = 5*d - 3*d - 10. Calculate the remainder when p(8) is divided by q.
10
Suppose 4*p = 0, -3*y - 5*p = -34 - 17. Let f be 384/64 - (-29)/(-1). Let s = 32 + f. What is the remainder when y is divided by s?
8
Calculate the remainder when 92*(2/(-4) - (-3 + (11 - 9))) is divided by 15.
1
Suppose -5*z = 5*s - 1385, 2*s - 4*z + 383 - 955 = 0. Calculate the remainder when 539 is divided by s.
259
Calculate the remainder when 975 is divided by ((-42)/(-35))/(47/(-235) - (-49)/235).
129
Suppose 0 = t + w + 3 - 148, 4*w + 302 = 2*t. Suppose -27*i = 491*i - 10261 - 5797. What is the remainder when t is divided by i?
23
Let u(v) = -31*v + 3 - 5 - 4 + 1. Calculate the remainder when u(-6) is divided by 46.
43
What is the remainder when (3/15)/((-13)/39) + (-31284)/(-15) is divided by 36?
33
What is the remainder when 5810 is divided by -5 + (-5 - 4*427/(-28))?
47
Suppose -102 = -2*g + 94. Let d = 170 - g. Suppose -3*i = 3*u - d, -2*u - 12 = -i + 24. What is the remainder when i is divided by 15?
13
Suppose 0 = 31*f - 27*f. Let y(d) = 7*d + 54. Suppose -3*p + 60 - 23 = 5*s, -2*p = 5*s - 18. Calculate the remainder when y(f) is divided by p.
16
Suppose 32*q - 1391 - 5809 = 0. Suppose 0 = -5*h + 146 + 139. What is the remainder when q is divided by h?
54
Let a be ((-2)/3)/(1/(-30)). Suppose 2*z = 2*g, -3*z - 4*g = 15 - 1. What is the remainder when 3/((-3)/a*z) is divided by 4?
2
Suppose -8*s - 165 = -11*s. Suppose o + i - 11 = 0, 0 = -2*i + 7 - 1. Calculate the remainder when s is divided by o.
7
Let y = 6 + 0. Suppose y*m - 9*m + 45 = 0. Calculate the remainder when (-12)/((-37)/74*(-2)/(-6)) is divided by m.
12
Let p = 47 - 25. Let x(n) = p + 15 + 7 + n. Calculate the remainder when x(-18) is divided by 8.
2
What is the remainder when 72 is divided by -3 + (28 - 4/(6 - 5))?
9
Let b be (2 + -11)/(1 - 2). Suppose 7*i - b*i + 20 = 0. What is the remainder when (14 - 6 - (7 + -1)) + 25 is divided by i?
7
What is the remainder when 464/812 + (-73884)/(-14) is divided by 24?
22
Let q = -1280 + 1374. Calculate the remainder when 140 is divided by q.
46
Suppose -5*b + 186 = 2*s - 15, -5*s - 2*b + 513 = 0. What is the remainder when s is divided by 35?
33
Let m(u) = u**3 + 38*u**2 - 9*u - 135. Let h be m(-38). Let q = -133 + h. What is the remainder when q is divided by 41?
33
Let d(o) = -o**2 - 54*o + 399. Let s be d(-47). Suppose -7*g + s = 7*g. Calculate the remainder when g is divided by 12.
4
Let k(d) = 8*d**2 - 2*d + 4. What is the remainder when k(4) is divided by 8/(-3) - -1*(-92)/(-12)?
4
Suppose 0 = -3*a - 4*i + 162, 43*a - 47*a - 5*i = -215. Calculate the remainder when 274 is divided by a.
24
Let z = 1317 - 1291. Suppose 0 = -5*y + 12 + 33. Suppose y*d - 4*d + 3*x - 629 = 0, 0 = 3*d - x - 369. Calculate the remainder when d is divided by z.
20
Suppose 2*y = -5*b + 358, 2*b - 120 = -18*y + 23*y. Calculate the remainder when 699 is divided by b.
69
Let q be (-2)/9 + 8218/126. Let r = q - 17. Let o(d) = -d**3 + 7*d**2 - 8*d + 3. Calculate the remainder when r is divided by o(5).
9
Let o be 16/10*(-55)/(-22). Suppose 46 = 2*p - 3*h, 46 = o*p - 2*p - 5*h. Let k(r) = -2*r - 39. Calculate the remainder when p is divided by k(-23).
2
Let m = 88 + -85. Suppose -2*z + 0*r - 3*r = -123, m*r + 318 = 5*z. Suppose -67 = -3*n - 19. What is the remainder when z is divided by n?
15
Let c be 33*(3 + -2 + 0). Let x = c + -28. Let n = 20 + x. What is the remainder when 48 is divided by n?
23
Let p = 114 + -100. Suppose 19*u = p*u + 10. Calculate the remainder when (3 - (0 - 4))*1 is divided by u.
1
Suppose 78 = 14*g - 90. Let j(x) = -x**3 - 3*x**2 + 2. Let c be j(-3). Suppose k = c*w - 10, 5*k = w - 0*k + 13. Calculate the remainder when g is divided by w.
5
Suppose -4*x + 36 = h, -69*h - 5*x - 252 = -76*h. What is the remainder when 86 is divided by h?
14
Let f = 34 - 28. Suppose -3*m = -0*m - f. Suppose 5*d = m*d + 93. What is the remainder when d is divided by 11?
9
Let c(h) = 2*h**3 - 32*h**2 - 95*h - 234. What is the remainder when c(19) is divided by 127?
0
Let o = 1009 + -961. Calculate the remainder when 208 is divided by o.
16
Suppose -s + 3*c = -6*s + 933, -s = 3*c - 189. Let k = 216 - s. Calculate the remainder when k is divided by 8.
6
Let k = -562 - -346. Let n = k - -301. Calculate the remainder when n is divided by 46.
39
Let j be (1 - 9)/(3/30). Let f = -27 - j. Suppose 8*y - 96 = -8. Calculate the remainder when f is divided by y.
9
Let o(w) = -w**3 - 2*w - 4. Calculate the remainder when (30/12)/(17/(29172/55)) is divided by o(-3).
20
Let t(b) = -38*b**2 + 10*b - 21. Let d be t(2). Let x = 165 + d. Calculate the remainder when 81 is divided by x.
9
Suppose -x + 0*a = -a - 72, -5*x + 3*a = -360. What is the remainder when x is divided by (1073/87 - 12)*(-1 + 58)?
15
Let g be ((-2972)/(-5))/((-28)/(-70)). Suppose 615 = 4*c + k - g, 3*k - 3 = 0. What is the remainder when c/(-14)*((-1)/(-1) + -3) is divided by 39?
36
Let l(s) = 8*s**3 - 17*s**2 + 2*s - 26. Let j be l(6). Suppose -k = 18*k - j. Calculate the remainder when k is divided by 27.
4
Let u(z) = -7 + 6*z**2 - 3*z - 12*z - 7*z**2 + 5*z. Suppose -2*f - 5*g + 13 = -5*f, 2*g + 32 = -5*f. What is the remainder when 23 is divided by u(f)?
6
Suppose -5*j = 2*j - 14. Suppose -j*w - 2*x + 34 = 0, -3*x + 5*x = -5*w + 73. Calculate the remainder when 19 is divided by w.
6
Let k = 8 + 53. What is the remainder when k is divided by 230/1150 - (-79)/5?
13
Let x(h) = 5*h + 183. Let b be 16/40 - 1032/30. Let z = 22 - -40. What is the remainder when z is divided by x(b)?
10
Suppose 52 = -0*f + 2*f. Suppose 55*l - 65*l = -1170. What is the remainder when l is divided by f?
13
Let w = -3894 + 3916. Calculate the remainder when 3166 is divided by w.
20
Suppose -1719 = -7*f - 669. Suppose -5*m + c = -f, 4*m + 20*c = 18*c + 134. What is the remainder when 152 is divided by m?
28
Suppose 7*j + 12 = 33. Let m(h) = 20*h**2 + 15*h - 26. Calculate the remainder when m(j) is divided by 8.
7
Suppose -d + m = -84 - 69, -469 = -3*d - 2*m. What is the remainder when 2323 is divided by d?
153
Let w = -20456 - -22845. What is the remainder when w is divided by 5?
4
Suppose 4*r - 908 = -4*j, -32*j + 2*r - 223 = -33*j. What is the remainder when j is divided by 20?
11
Let f(j) = -50*j - 1874. What is the remainder when f(-63) is divided by 86?
72
Suppose 115*z = -3*s + 113*z + 7835, 4*s = z + 10432. What is the remainder when s is divided by 154?
145
What is the remainder when 46266/88 - (-7)/(-4) is divided by 121?
40
Suppose -47*q = -13*q - 816. Calculate the remainder when 267 is divided by q.
3
Let y = 2 + 0. Let f(p) = y*p - 2*p + 38 - p - 5. Calculate the remainder when f(8) is divided by 7.
4
Calculate the remainder when 6158 is divided by ((-1380)/(-184))/(140/128 - (5 + -4)).
78
Let z be 688/6 - 32/48. Let c = z + -114. Suppose -5*m + 105 = -c*m. Calculate the remainder when m is divided by 11.
10
Suppose -3*b = -6*c - 435, 4*c = 2*b + 3*b - 761. What is the remainder when 610 is divided by b?
139
Let x = -16240 - -28158. Calculate the remainder when x is divided by 91.
88
Suppose -4*l + 0*h + 258 = -2*h, 2*l - 144 = -2*h. Suppose 0 = -4*x + 1080 - 284. What is the remainder when x is divided by l?
65
Suppose -3*h + 325 = 5*n, 38*h - 40*h - 2*n = -214. What is the remainder when h is divided by (-4)/(-10)*(96 - 16)?
9
Suppose 2*t - 6 = -0*o + 2*o, 5 = -5*o + 3*t. Suppose -11*g = -o*g - 3915. What is the remainder when g is divided by 40?
35
Let q(r) = 7*r**2 - 112*r + 119. Let k(i) = i**3 - 7*i**2 + 10*i - 6. Calculate the remainder when k(6) is divided by q(15).
4
Let n(s) = -4*s**3 - 2*s**2 - 2*s - 4. Suppose 0 = -t - 3*t - 8. Let g = 13 + 58. Calculate the remainder when g is divided by n(t).
23
Let c(n) = 17*n + 119. Suppose 0 = x + x + 2. Let s = 10 + x. Calculate the remainder when c(-5) is divided by s.
7
Let p be 1*(-2 + (-3 + -29)/(-4)). Let a(u) = -3*u + 28. Let j(i) = 10*i - 2. What is the remainder when j(4) is